[INFO] cloning repository https://github.com/guftall/datastructures-rust
[INFO] running `Command { std: "git" "-c" "credential.helper=" "-c" "credential.helper=/workspace/cargo-home/bin/git-credential-null" "clone" "--bare" "https://github.com/guftall/datastructures-rust" "/workspace/cache/git-repos/https%3A%2F%2Fgithub.com%2Fguftall%2Fdatastructures-rust", kill_on_drop: false }`
[INFO] [stderr] Cloning into bare repository '/workspace/cache/git-repos/https%3A%2F%2Fgithub.com%2Fguftall%2Fdatastructures-rust'...
[INFO] running `Command { std: "git" "rev-parse" "HEAD", kill_on_drop: false }`
[INFO] [stdout] 8a671c6f206ff4411a2c1a54bc4487bcdcf73c49
[INFO] checking guftall/datastructures-rust against master#af3c6e733a40e671550e0f0f5aeecaa13772ba56 for pr-74989
[INFO] running `Command { std: "git" "clone" "/workspace/cache/git-repos/https%3A%2F%2Fgithub.com%2Fguftall%2Fdatastructures-rust" "/workspace/builds/worker-9/source", kill_on_drop: false }`
[INFO] [stderr] Cloning into '/workspace/builds/worker-9/source'...
[INFO] [stderr] done.
[INFO] validating manifest of git repo https://github.com/guftall/datastructures-rust on toolchain af3c6e733a40e671550e0f0f5aeecaa13772ba56
[INFO] running `Command { std: "/workspace/cargo-home/bin/cargo" "+af3c6e733a40e671550e0f0f5aeecaa13772ba56" "read-manifest" "--manifest-path" "Cargo.toml", kill_on_drop: false }`
[INFO] started tweaking git repo https://github.com/guftall/datastructures-rust
[INFO] removed path dependency bst from git repo https://github.com/guftall/datastructures-rust
[INFO] finished tweaking git repo https://github.com/guftall/datastructures-rust
[INFO] tweaked toml for git repo https://github.com/guftall/datastructures-rust written to /workspace/builds/worker-9/source/Cargo.toml
[INFO] crate git repo https://github.com/guftall/datastructures-rust already has a lockfile, it will not be regenerated
[INFO] running `Command { std: "/workspace/cargo-home/bin/cargo" "+af3c6e733a40e671550e0f0f5aeecaa13772ba56" "fetch" "--locked" "--manifest-path" "Cargo.toml", kill_on_drop: false }`
[INFO] [stderr] warning: dependency (bst) specified without providing a local path, Git repository, or version to use. This will be considered an error in future versions
[INFO] [stderr]     Blocking waiting for file lock on package cache
[INFO] [stderr]     Updating crates.io index
[INFO] [stderr] error: the lock file /workspace/builds/worker-9/source/Cargo.lock needs to be updated but --locked was passed to prevent this
[INFO] [stderr] If you want to try to generate the lock file without accessing the network, use the --offline flag.
[INFO] the lockfile is outdated, regenerating it
[INFO] running `Command { std: "/workspace/cargo-home/bin/cargo" "+af3c6e733a40e671550e0f0f5aeecaa13772ba56" "generate-lockfile" "--manifest-path" "Cargo.toml" "-Zno-index-update", kill_on_drop: false }`
[INFO] running `Command { std: "/workspace/cargo-home/bin/cargo" "+af3c6e733a40e671550e0f0f5aeecaa13772ba56" "fetch" "--locked" "--manifest-path" "Cargo.toml", kill_on_drop: false }`
[INFO] [stderr] warning: dependency (bst) specified without providing a local path, Git repository, or version to use. This will be considered an error in future versions
[INFO] [stderr]     Blocking waiting for file lock on package cache
[INFO] running `Command { std: "docker" "create" "-v" "/var/lib/crater-agent-workspace/builds/worker-9/target:/opt/rustwide/target:rw,Z" "-v" "/var/lib/crater-agent-workspace/builds/worker-9/source:/opt/rustwide/workdir:ro,Z" "-v" "/var/lib/crater-agent-workspace/cargo-home:/opt/rustwide/cargo-home:ro,Z" "-v" "/var/lib/crater-agent-workspace/rustup-home:/opt/rustwide/rustup-home:ro,Z" "-e" "SOURCE_DIR=/opt/rustwide/workdir" "-e" "CARGO_TARGET_DIR=/opt/rustwide/target" "-e" "CARGO_HOME=/opt/rustwide/cargo-home" "-e" "RUSTUP_HOME=/opt/rustwide/rustup-home" "-w" "/opt/rustwide/workdir" "-m" "1610612736" "--user" "0:0" "--network" "none" "rustops/crates-build-env@sha256:d92eaeed33fa75130ca1ee6c8a01d1ffb62bac859dfdfb3450e3e5d1c0146529" "/opt/rustwide/cargo-home/bin/cargo" "+af3c6e733a40e671550e0f0f5aeecaa13772ba56" "metadata" "--no-deps" "--format-version=1", kill_on_drop: false }`
[INFO] [stdout] e2a5651baff36d0d2d85e07b22ebf580aafb9b2abc14cc6ff72ac4c6769771ca
[INFO] [stderr] WARNING: Your kernel does not support swap limit capabilities or the cgroup is not mounted. Memory limited without swap.
[INFO] running `Command { std: "docker" "start" "-a" "e2a5651baff36d0d2d85e07b22ebf580aafb9b2abc14cc6ff72ac4c6769771ca", kill_on_drop: false }`
[INFO] running `Command { std: "docker" "inspect" "e2a5651baff36d0d2d85e07b22ebf580aafb9b2abc14cc6ff72ac4c6769771ca", kill_on_drop: false }`
[INFO] running `Command { std: "docker" "rm" "-f" "e2a5651baff36d0d2d85e07b22ebf580aafb9b2abc14cc6ff72ac4c6769771ca", kill_on_drop: false }`
[INFO] [stdout] e2a5651baff36d0d2d85e07b22ebf580aafb9b2abc14cc6ff72ac4c6769771ca
[INFO] running `Command { std: "docker" "create" "-v" "/var/lib/crater-agent-workspace/builds/worker-9/target:/opt/rustwide/target:rw,Z" "-v" "/var/lib/crater-agent-workspace/builds/worker-9/source:/opt/rustwide/workdir:ro,Z" "-v" "/var/lib/crater-agent-workspace/cargo-home:/opt/rustwide/cargo-home:ro,Z" "-v" "/var/lib/crater-agent-workspace/rustup-home:/opt/rustwide/rustup-home:ro,Z" "-e" "SOURCE_DIR=/opt/rustwide/workdir" "-e" "CARGO_TARGET_DIR=/opt/rustwide/target" "-e" "CARGO_INCREMENTAL=0" "-e" "RUST_BACKTRACE=full" "-e" "RUSTFLAGS=--cap-lints=forbid" "-e" "CARGO_HOME=/opt/rustwide/cargo-home" "-e" "RUSTUP_HOME=/opt/rustwide/rustup-home" "-w" "/opt/rustwide/workdir" "-m" "1610612736" "--user" "0:0" "--network" "none" "rustops/crates-build-env@sha256:d92eaeed33fa75130ca1ee6c8a01d1ffb62bac859dfdfb3450e3e5d1c0146529" "/opt/rustwide/cargo-home/bin/cargo" "+af3c6e733a40e671550e0f0f5aeecaa13772ba56" "check" "--frozen" "--all" "--all-targets" "--message-format=json", kill_on_drop: false }`
[INFO] [stderr] WARNING: Your kernel does not support swap limit capabilities or the cgroup is not mounted. Memory limited without swap.
[INFO] [stdout] 4e2218e566abba79dbb3e16c13fa1b059276a6e3b89da252e4209b2725aa18b8
[INFO] running `Command { std: "docker" "start" "-a" "4e2218e566abba79dbb3e16c13fa1b059276a6e3b89da252e4209b2725aa18b8", kill_on_drop: false }`
[INFO] [stderr] warning: dependency (bst) specified without providing a local path, Git repository, or version to use. This will be considered an error in future versions
[INFO] [stderr]     Checking bit-vec v0.6.2
[INFO] [stderr]     Checking compare v0.1.0
[INFO] [stderr]     Checking bit-set v0.5.2
[INFO] [stderr]     Checking ordered_iter v0.1.2
[INFO] [stderr]     Checking bst v0.0.1
[INFO] [stdout] error: malformed `unstable` attribute input
[INFO] [stdout]    --> /opt/rustwide/cargo-home/registry/src/github.com-1ecc6299db9ec823/bst-0.0.1/src/map.rs:200:5
[INFO] [stdout]     |
[INFO] [stdout] 200 |     #[unstable = "matches collection reform specification, waiting for dust to settle"]
[INFO] [stdout]     |     ^^^^^^^^^^^^^^^^^^^^^^^^^^^^^^^^^^^^^^^^^^^^^^^^^^^^^^^^^^^^^^^^^^^^^^^^^^^^^^^^^^^ help: must be of the form: `#[unstable(feature = "name", reason = "...", issue = "N")]`
[INFO] [stdout] 
[INFO] [stdout] 
[INFO] [stdout] error: malformed `unstable` attribute input
[INFO] [stdout]    --> /opt/rustwide/cargo-home/registry/src/github.com-1ecc6299db9ec823/bst-0.0.1/src/map.rs:229:5
[INFO] [stdout]     |
[INFO] [stdout] 229 |     #[unstable = "matches collection reform specification, waiting for dust to settle"]
[INFO] [stdout]     |     ^^^^^^^^^^^^^^^^^^^^^^^^^^^^^^^^^^^^^^^^^^^^^^^^^^^^^^^^^^^^^^^^^^^^^^^^^^^^^^^^^^^ help: must be of the form: `#[unstable(feature = "name", reason = "...", issue = "N")]`
[INFO] [stdout] 
[INFO] [stdout] 
[INFO] [stdout] error: malformed `unstable` attribute input
[INFO] [stdout]    --> /opt/rustwide/cargo-home/registry/src/github.com-1ecc6299db9ec823/bst-0.0.1/src/map.rs:254:5
[INFO] [stdout]     |
[INFO] [stdout] 254 |     #[unstable = "matches collection reform specification, waiting for dust to settle"]
[INFO] [stdout]     |     ^^^^^^^^^^^^^^^^^^^^^^^^^^^^^^^^^^^^^^^^^^^^^^^^^^^^^^^^^^^^^^^^^^^^^^^^^^^^^^^^^^^ help: must be of the form: `#[unstable(feature = "name", reason = "...", issue = "N")]`
[INFO] [stdout] 
[INFO] [stdout] 
[INFO] [stdout] error: malformed `unstable` attribute input
[INFO] [stdout]    --> /opt/rustwide/cargo-home/registry/src/github.com-1ecc6299db9ec823/bst-0.0.1/src/map.rs:278:5
[INFO] [stdout]     |
[INFO] [stdout] 278 |     #[unstable = "matches collection reform specification, waiting for dust to settle"]
[INFO] [stdout]     |     ^^^^^^^^^^^^^^^^^^^^^^^^^^^^^^^^^^^^^^^^^^^^^^^^^^^^^^^^^^^^^^^^^^^^^^^^^^^^^^^^^^^ help: must be of the form: `#[unstable(feature = "name", reason = "...", issue = "N")]`
[INFO] [stdout] 
[INFO] [stdout] 
[INFO] [stdout] error: malformed `unstable` attribute input
[INFO] [stdout]    --> /opt/rustwide/cargo-home/registry/src/github.com-1ecc6299db9ec823/bst-0.0.1/src/map.rs:330:5
[INFO] [stdout]     |
[INFO] [stdout] 330 |     #[unstable = "matches collection reform specification, waiting for dust to settle"]
[INFO] [stdout]     |     ^^^^^^^^^^^^^^^^^^^^^^^^^^^^^^^^^^^^^^^^^^^^^^^^^^^^^^^^^^^^^^^^^^^^^^^^^^^^^^^^^^^ help: must be of the form: `#[unstable(feature = "name", reason = "...", issue = "N")]`
[INFO] [stdout] 
[INFO] [stdout] 
[INFO] [stdout] error: malformed `unstable` attribute input
[INFO] [stdout]    --> /opt/rustwide/cargo-home/registry/src/github.com-1ecc6299db9ec823/bst-0.0.1/src/map.rs:381:5
[INFO] [stdout]     |
[INFO] [stdout] 381 |     #[unstable = "matches collection reform specification, waiting for dust to settle"]
[INFO] [stdout]     |     ^^^^^^^^^^^^^^^^^^^^^^^^^^^^^^^^^^^^^^^^^^^^^^^^^^^^^^^^^^^^^^^^^^^^^^^^^^^^^^^^^^^ help: must be of the form: `#[unstable(feature = "name", reason = "...", issue = "N")]`
[INFO] [stdout] 
[INFO] [stdout] 
[INFO] [stdout] error: malformed `unstable` attribute input
[INFO] [stdout]    --> /opt/rustwide/cargo-home/registry/src/github.com-1ecc6299db9ec823/bst-0.0.1/src/map.rs:406:5
[INFO] [stdout]     |
[INFO] [stdout] 406 |     #[unstable = "matches collection reform specification, waiting for dust to settle"]
[INFO] [stdout]     |     ^^^^^^^^^^^^^^^^^^^^^^^^^^^^^^^^^^^^^^^^^^^^^^^^^^^^^^^^^^^^^^^^^^^^^^^^^^^^^^^^^^^ help: must be of the form: `#[unstable(feature = "name", reason = "...", issue = "N")]`
[INFO] [stdout] 
[INFO] [stdout] 
[INFO] [stdout] error: malformed `unstable` attribute input
[INFO] [stdout]    --> /opt/rustwide/cargo-home/registry/src/github.com-1ecc6299db9ec823/bst-0.0.1/src/map.rs:421:5
[INFO] [stdout]     |
[INFO] [stdout] 421 |     #[unstable = "matches collection reform specification, waiting for dust to settle"]
[INFO] [stdout]     |     ^^^^^^^^^^^^^^^^^^^^^^^^^^^^^^^^^^^^^^^^^^^^^^^^^^^^^^^^^^^^^^^^^^^^^^^^^^^^^^^^^^^ help: must be of the form: `#[unstable(feature = "name", reason = "...", issue = "N")]`
[INFO] [stdout] 
[INFO] [stdout] 
[INFO] [stdout] error: malformed `unstable` attribute input
[INFO] [stdout]    --> /opt/rustwide/cargo-home/registry/src/github.com-1ecc6299db9ec823/bst-0.0.1/src/map.rs:437:5
[INFO] [stdout]     |
[INFO] [stdout] 437 |     #[unstable = "matches collection reform specification, waiting for dust to settle"]
[INFO] [stdout]     |     ^^^^^^^^^^^^^^^^^^^^^^^^^^^^^^^^^^^^^^^^^^^^^^^^^^^^^^^^^^^^^^^^^^^^^^^^^^^^^^^^^^^ help: must be of the form: `#[unstable(feature = "name", reason = "...", issue = "N")]`
[INFO] [stdout] 
[INFO] [stdout] 
[INFO] [stdout] error: malformed `unstable` attribute input
[INFO] [stdout]    --> /opt/rustwide/cargo-home/registry/src/github.com-1ecc6299db9ec823/bst-0.0.1/src/map.rs:459:5
[INFO] [stdout]     |
[INFO] [stdout] 459 |     #[unstable = "matches collection reform specification, waiting for dust to settle"]
[INFO] [stdout]     |     ^^^^^^^^^^^^^^^^^^^^^^^^^^^^^^^^^^^^^^^^^^^^^^^^^^^^^^^^^^^^^^^^^^^^^^^^^^^^^^^^^^^ help: must be of the form: `#[unstable(feature = "name", reason = "...", issue = "N")]`
[INFO] [stdout] 
[INFO] [stdout] 
[INFO] [stdout] error: malformed `unstable` attribute input
[INFO] [stdout]    --> /opt/rustwide/cargo-home/registry/src/github.com-1ecc6299db9ec823/bst-0.0.1/src/map.rs:488:5
[INFO] [stdout]     |
[INFO] [stdout] 488 |     #[unstable = "matches collection reform specification, waiting for dust to settle"]
[INFO] [stdout]     |     ^^^^^^^^^^^^^^^^^^^^^^^^^^^^^^^^^^^^^^^^^^^^^^^^^^^^^^^^^^^^^^^^^^^^^^^^^^^^^^^^^^^ help: must be of the form: `#[unstable(feature = "name", reason = "...", issue = "N")]`
[INFO] [stdout] 
[INFO] [stdout] 
[INFO] [stdout] error: malformed `unstable` attribute input
[INFO] [stdout]    --> /opt/rustwide/cargo-home/registry/src/github.com-1ecc6299db9ec823/bst-0.0.1/src/map.rs:514:5
[INFO] [stdout]     |
[INFO] [stdout] 514 |     #[unstable = "matches collection reform specification, waiting for dust to settle"]
[INFO] [stdout]     |     ^^^^^^^^^^^^^^^^^^^^^^^^^^^^^^^^^^^^^^^^^^^^^^^^^^^^^^^^^^^^^^^^^^^^^^^^^^^^^^^^^^^ help: must be of the form: `#[unstable(feature = "name", reason = "...", issue = "N")]`
[INFO] [stdout] 
[INFO] [stdout] 
[INFO] [stdout] error: malformed `unstable` attribute input
[INFO] [stdout]    --> /opt/rustwide/cargo-home/registry/src/github.com-1ecc6299db9ec823/bst-0.0.1/src/map.rs:543:5
[INFO] [stdout]     |
[INFO] [stdout] 543 |     #[unstable = "matches collection reform specification, waiting for dust to settle"]
[INFO] [stdout]     |     ^^^^^^^^^^^^^^^^^^^^^^^^^^^^^^^^^^^^^^^^^^^^^^^^^^^^^^^^^^^^^^^^^^^^^^^^^^^^^^^^^^^ help: must be of the form: `#[unstable(feature = "name", reason = "...", issue = "N")]`
[INFO] [stdout] 
[INFO] [stdout] 
[INFO] [stdout] error: malformed `unstable` attribute input
[INFO] [stdout]    --> /opt/rustwide/cargo-home/registry/src/github.com-1ecc6299db9ec823/bst-0.0.1/src/map.rs:566:5
[INFO] [stdout]     |
[INFO] [stdout] 566 |     #[unstable = "matches collection reform specification, waiting for dust to settle"]
[INFO] [stdout]     |     ^^^^^^^^^^^^^^^^^^^^^^^^^^^^^^^^^^^^^^^^^^^^^^^^^^^^^^^^^^^^^^^^^^^^^^^^^^^^^^^^^^^ help: must be of the form: `#[unstable(feature = "name", reason = "...", issue = "N")]`
[INFO] [stdout] 
[INFO] [stdout] 
[INFO] [stdout] error: malformed `unstable` attribute input
[INFO] [stdout]    --> /opt/rustwide/cargo-home/registry/src/github.com-1ecc6299db9ec823/bst-0.0.1/src/set.rs:134:5
[INFO] [stdout]     |
[INFO] [stdout] 134 |     #[unstable = "matches collection reform specification, waiting for dust to settle"]
[INFO] [stdout]     |     ^^^^^^^^^^^^^^^^^^^^^^^^^^^^^^^^^^^^^^^^^^^^^^^^^^^^^^^^^^^^^^^^^^^^^^^^^^^^^^^^^^^ help: must be of the form: `#[unstable(feature = "name", reason = "...", issue = "N")]`
[INFO] [stdout] 
[INFO] [stdout] 
[INFO] [stdout] error: malformed `unstable` attribute input
[INFO] [stdout]    --> /opt/rustwide/cargo-home/registry/src/github.com-1ecc6299db9ec823/bst-0.0.1/src/set.rs:161:5
[INFO] [stdout]     |
[INFO] [stdout] 161 |     #[unstable = "matches collection reform specification, waiting for dust to settle"]
[INFO] [stdout]     |     ^^^^^^^^^^^^^^^^^^^^^^^^^^^^^^^^^^^^^^^^^^^^^^^^^^^^^^^^^^^^^^^^^^^^^^^^^^^^^^^^^^^ help: must be of the form: `#[unstable(feature = "name", reason = "...", issue = "N")]`
[INFO] [stdout] 
[INFO] [stdout] 
[INFO] [stdout] error: malformed `unstable` attribute input
[INFO] [stdout]    --> /opt/rustwide/cargo-home/registry/src/github.com-1ecc6299db9ec823/bst-0.0.1/src/set.rs:198:5
[INFO] [stdout]     |
[INFO] [stdout] 198 |     #[unstable = "matches collection reform specification, waiting for dust to settle"]
[INFO] [stdout]     |     ^^^^^^^^^^^^^^^^^^^^^^^^^^^^^^^^^^^^^^^^^^^^^^^^^^^^^^^^^^^^^^^^^^^^^^^^^^^^^^^^^^^ help: must be of the form: `#[unstable(feature = "name", reason = "...", issue = "N")]`
[INFO] [stdout] 
[INFO] [stdout] 
[INFO] [stdout] error: malformed `unstable` attribute input
[INFO] [stdout]    --> /opt/rustwide/cargo-home/registry/src/github.com-1ecc6299db9ec823/bst-0.0.1/src/set.rs:266:5
[INFO] [stdout]     |
[INFO] [stdout] 266 |     #[unstable = "matches collection reform specification, waiting for dust to settle"]
[INFO] [stdout]     |     ^^^^^^^^^^^^^^^^^^^^^^^^^^^^^^^^^^^^^^^^^^^^^^^^^^^^^^^^^^^^^^^^^^^^^^^^^^^^^^^^^^^ help: must be of the form: `#[unstable(feature = "name", reason = "...", issue = "N")]`
[INFO] [stdout] 
[INFO] [stdout] 
[INFO] [stdout] error: malformed `unstable` attribute input
[INFO] [stdout]    --> /opt/rustwide/cargo-home/registry/src/github.com-1ecc6299db9ec823/bst-0.0.1/src/set.rs:298:5
[INFO] [stdout]     |
[INFO] [stdout] 298 |     #[unstable = "matches collection reform specification, waiting for dust to settle"]
[INFO] [stdout]     |     ^^^^^^^^^^^^^^^^^^^^^^^^^^^^^^^^^^^^^^^^^^^^^^^^^^^^^^^^^^^^^^^^^^^^^^^^^^^^^^^^^^^ help: must be of the form: `#[unstable(feature = "name", reason = "...", issue = "N")]`
[INFO] [stdout] 
[INFO] [stdout] 
[INFO] [stdout] error: malformed `unstable` attribute input
[INFO] [stdout]    --> /opt/rustwide/cargo-home/registry/src/github.com-1ecc6299db9ec823/bst-0.0.1/src/set.rs:327:5
[INFO] [stdout]     |
[INFO] [stdout] 327 |     #[unstable = "matches collection reform specification, waiting for dust to settle"]
[INFO] [stdout]     |     ^^^^^^^^^^^^^^^^^^^^^^^^^^^^^^^^^^^^^^^^^^^^^^^^^^^^^^^^^^^^^^^^^^^^^^^^^^^^^^^^^^^ help: must be of the form: `#[unstable(feature = "name", reason = "...", issue = "N")]`
[INFO] [stdout] 
[INFO] [stdout] 
[INFO] [stdout] error: malformed `unstable` attribute input
[INFO] [stdout]    --> /opt/rustwide/cargo-home/registry/src/github.com-1ecc6299db9ec823/bst-0.0.1/src/set.rs:356:5
[INFO] [stdout]     |
[INFO] [stdout] 356 |     #[unstable = "matches collection reform specification, waiting for dust to settle"]
[INFO] [stdout]     |     ^^^^^^^^^^^^^^^^^^^^^^^^^^^^^^^^^^^^^^^^^^^^^^^^^^^^^^^^^^^^^^^^^^^^^^^^^^^^^^^^^^^ help: must be of the form: `#[unstable(feature = "name", reason = "...", issue = "N")]`
[INFO] [stdout] 
[INFO] [stdout] 
[INFO] [stdout] error: malformed `unstable` attribute input
[INFO] [stdout]    --> /opt/rustwide/cargo-home/registry/src/github.com-1ecc6299db9ec823/bst-0.0.1/src/set.rs:380:5
[INFO] [stdout]     |
[INFO] [stdout] 380 |     #[unstable = "matches collection reform specification, waiting for dust to settle"]
[INFO] [stdout]     |     ^^^^^^^^^^^^^^^^^^^^^^^^^^^^^^^^^^^^^^^^^^^^^^^^^^^^^^^^^^^^^^^^^^^^^^^^^^^^^^^^^^^ help: must be of the form: `#[unstable(feature = "name", reason = "...", issue = "N")]`
[INFO] [stdout] 
[INFO] [stdout] 
[INFO] [stdout] error: malformed `unstable` attribute input
[INFO] [stdout]    --> /opt/rustwide/cargo-home/registry/src/github.com-1ecc6299db9ec823/bst-0.0.1/src/set.rs:395:5
[INFO] [stdout]     |
[INFO] [stdout] 395 |     #[unstable = "matches collection reform specification, waiting for dust to settle"]
[INFO] [stdout]     |     ^^^^^^^^^^^^^^^^^^^^^^^^^^^^^^^^^^^^^^^^^^^^^^^^^^^^^^^^^^^^^^^^^^^^^^^^^^^^^^^^^^^ help: must be of the form: `#[unstable(feature = "name", reason = "...", issue = "N")]`
[INFO] [stdout] 
[INFO] [stdout] 
[INFO] [stdout] error: malformed `unstable` attribute input
[INFO] [stdout]    --> /opt/rustwide/cargo-home/registry/src/github.com-1ecc6299db9ec823/bst-0.0.1/src/set.rs:411:5
[INFO] [stdout]     |
[INFO] [stdout] 411 |     #[unstable = "matches collection reform specification, waiting for dust to settle"]
[INFO] [stdout]     |     ^^^^^^^^^^^^^^^^^^^^^^^^^^^^^^^^^^^^^^^^^^^^^^^^^^^^^^^^^^^^^^^^^^^^^^^^^^^^^^^^^^^ help: must be of the form: `#[unstable(feature = "name", reason = "...", issue = "N")]`
[INFO] [stdout] 
[INFO] [stdout] 
[INFO] [stdout] error: malformed `unstable` attribute input
[INFO] [stdout]    --> /opt/rustwide/cargo-home/registry/src/github.com-1ecc6299db9ec823/bst-0.0.1/src/set.rs:430:5
[INFO] [stdout]     |
[INFO] [stdout] 430 |     #[unstable = "matches collection reform specification, waiting for dust to settle"]
[INFO] [stdout]     |     ^^^^^^^^^^^^^^^^^^^^^^^^^^^^^^^^^^^^^^^^^^^^^^^^^^^^^^^^^^^^^^^^^^^^^^^^^^^^^^^^^^^ help: must be of the form: `#[unstable(feature = "name", reason = "...", issue = "N")]`
[INFO] [stdout] 
[INFO] [stdout] 
[INFO] [stdout] error: malformed `unstable` attribute input
[INFO] [stdout]    --> /opt/rustwide/cargo-home/registry/src/github.com-1ecc6299db9ec823/bst-0.0.1/src/set.rs:454:5
[INFO] [stdout]     |
[INFO] [stdout] 454 |     #[unstable = "matches collection reform specification, waiting for dust to settle"]
[INFO] [stdout]     |     ^^^^^^^^^^^^^^^^^^^^^^^^^^^^^^^^^^^^^^^^^^^^^^^^^^^^^^^^^^^^^^^^^^^^^^^^^^^^^^^^^^^ help: must be of the form: `#[unstable(feature = "name", reason = "...", issue = "N")]`
[INFO] [stdout] 
[INFO] [stdout] 
[INFO] [stdout] error: malformed `unstable` attribute input
[INFO] [stdout]    --> /opt/rustwide/cargo-home/registry/src/github.com-1ecc6299db9ec823/bst-0.0.1/src/set.rs:475:5
[INFO] [stdout]     |
[INFO] [stdout] 475 |     #[unstable = "matches collection reform specification, waiting for dust to settle"]
[INFO] [stdout]     |     ^^^^^^^^^^^^^^^^^^^^^^^^^^^^^^^^^^^^^^^^^^^^^^^^^^^^^^^^^^^^^^^^^^^^^^^^^^^^^^^^^^^ help: must be of the form: `#[unstable(feature = "name", reason = "...", issue = "N")]`
[INFO] [stdout] 
[INFO] [stdout] 
[INFO] [stdout] error: malformed `unstable` attribute input
[INFO] [stdout]    --> /opt/rustwide/cargo-home/registry/src/github.com-1ecc6299db9ec823/bst-0.0.1/src/set.rs:520:5
[INFO] [stdout]     |
[INFO] [stdout] 520 |     #[unstable = "matches collection reform specification, waiting for dust to settle"]
[INFO] [stdout]     |     ^^^^^^^^^^^^^^^^^^^^^^^^^^^^^^^^^^^^^^^^^^^^^^^^^^^^^^^^^^^^^^^^^^^^^^^^^^^^^^^^^^^ help: must be of the form: `#[unstable(feature = "name", reason = "...", issue = "N")]`
[INFO] [stdout] 
[INFO] [stdout] 
[INFO] [stdout] error: malformed `unstable` attribute input
[INFO] [stdout]    --> /opt/rustwide/cargo-home/registry/src/github.com-1ecc6299db9ec823/bst-0.0.1/src/set.rs:540:5
[INFO] [stdout]     |
[INFO] [stdout] 540 |     #[unstable = "matches collection reform specification, waiting for dust to settle"]
[INFO] [stdout]     |     ^^^^^^^^^^^^^^^^^^^^^^^^^^^^^^^^^^^^^^^^^^^^^^^^^^^^^^^^^^^^^^^^^^^^^^^^^^^^^^^^^^^ help: must be of the form: `#[unstable(feature = "name", reason = "...", issue = "N")]`
[INFO] [stdout] 
[INFO] [stdout] 
[INFO] [stdout] error: malformed `unstable` attribute input
[INFO] [stdout]    --> /opt/rustwide/cargo-home/registry/src/github.com-1ecc6299db9ec823/bst-0.0.1/src/set.rs:562:5
[INFO] [stdout]     |
[INFO] [stdout] 562 |     #[unstable = "matches collection reform specification, waiting for dust to settle"]
[INFO] [stdout]     |     ^^^^^^^^^^^^^^^^^^^^^^^^^^^^^^^^^^^^^^^^^^^^^^^^^^^^^^^^^^^^^^^^^^^^^^^^^^^^^^^^^^^ help: must be of the form: `#[unstable(feature = "name", reason = "...", issue = "N")]`
[INFO] [stdout] 
[INFO] [stdout] 
[INFO] [stdout] error: malformed `unstable` attribute input
[INFO] [stdout]    --> /opt/rustwide/cargo-home/registry/src/github.com-1ecc6299db9ec823/bst-0.0.1/src/set.rs:698:1
[INFO] [stdout]     |
[INFO] [stdout] 698 | #[unstable = "matches collection reform specification, waiting for dust to settle"]
[INFO] [stdout]     | ^^^^^^^^^^^^^^^^^^^^^^^^^^^^^^^^^^^^^^^^^^^^^^^^^^^^^^^^^^^^^^^^^^^^^^^^^^^^^^^^^^^ help: must be of the form: `#[unstable(feature = "name", reason = "...", issue = "N")]`
[INFO] [stdout] 
[INFO] [stdout] 
[INFO] [stdout] error: malformed `unstable` attribute input
[INFO] [stdout]    --> /opt/rustwide/cargo-home/registry/src/github.com-1ecc6299db9ec823/bst-0.0.1/src/set.rs:726:1
[INFO] [stdout]     |
[INFO] [stdout] 726 | #[unstable = "matches collection reform specification, waiting for dust to settle"]
[INFO] [stdout]     | ^^^^^^^^^^^^^^^^^^^^^^^^^^^^^^^^^^^^^^^^^^^^^^^^^^^^^^^^^^^^^^^^^^^^^^^^^^^^^^^^^^^ help: must be of the form: `#[unstable(feature = "name", reason = "...", issue = "N")]`
[INFO] [stdout] 
[INFO] [stdout] 
[INFO] [stdout] error: malformed `unstable` attribute input
[INFO] [stdout]    --> /opt/rustwide/cargo-home/registry/src/github.com-1ecc6299db9ec823/bst-0.0.1/src/set.rs:754:1
[INFO] [stdout]     |
[INFO] [stdout] 754 | #[unstable = "matches collection reform specification, waiting for dust to settle"]
[INFO] [stdout]     | ^^^^^^^^^^^^^^^^^^^^^^^^^^^^^^^^^^^^^^^^^^^^^^^^^^^^^^^^^^^^^^^^^^^^^^^^^^^^^^^^^^^ help: must be of the form: `#[unstable(feature = "name", reason = "...", issue = "N")]`
[INFO] [stdout] 
[INFO] [stdout] 
[INFO] [stdout] error: malformed `unstable` attribute input
[INFO] [stdout]    --> /opt/rustwide/cargo-home/registry/src/github.com-1ecc6299db9ec823/bst-0.0.1/src/set.rs:782:1
[INFO] [stdout]     |
[INFO] [stdout] 782 | #[unstable = "matches collection reform specification, waiting for dust to settle"]
[INFO] [stdout]     | ^^^^^^^^^^^^^^^^^^^^^^^^^^^^^^^^^^^^^^^^^^^^^^^^^^^^^^^^^^^^^^^^^^^^^^^^^^^^^^^^^^^ help: must be of the form: `#[unstable(feature = "name", reason = "...", issue = "N")]`
[INFO] [stdout] 
[INFO] [stdout] 
[INFO] [stdout] error[E0433]: failed to resolve: could not find `order` in `iter`
[INFO] [stdout]    --> /opt/rustwide/cargo-home/registry/src/github.com-1ecc6299db9ec823/bst-0.0.1/src/map.rs:146:15
[INFO] [stdout]     |
[INFO] [stdout] 146 |         iter::order::partial_cmp(self.iter(), other.iter())
[INFO] [stdout]     |               ^^^^^ could not find `order` in `iter`
[INFO] [stdout] 
[INFO] [stdout] 
[INFO] [stdout] error[E0433]: failed to resolve: could not find `order` in `iter`
[INFO] [stdout]    --> /opt/rustwide/cargo-home/registry/src/github.com-1ecc6299db9ec823/bst-0.0.1/src/map.rs:154:15
[INFO] [stdout]     |
[INFO] [stdout] 154 |         iter::order::cmp(self.iter(), other.iter())
[INFO] [stdout]     |               ^^^^^ could not find `order` in `iter`
[INFO] [stdout] 
[INFO] [stdout] 
[INFO] [stdout] error[E0433]: failed to resolve: could not find `order` in `iter`
[INFO] [stdout]    --> /opt/rustwide/cargo-home/registry/src/github.com-1ecc6299db9ec823/bst-0.0.1/src/set.rs:102:15
[INFO] [stdout]     |
[INFO] [stdout] 102 |         iter::order::cmp(self.iter(), other.iter())
[INFO] [stdout]     |               ^^^^^ could not find `order` in `iter`
[INFO] [stdout] 
[INFO] [stdout] 
[INFO] [stdout] error[E0734]: stability attributes may not be used outside of the standard library
[INFO] [stdout]    --> /opt/rustwide/cargo-home/registry/src/github.com-1ecc6299db9ec823/bst-0.0.1/src/map.rs:200:5
[INFO] [stdout]     |
[INFO] [stdout] 200 |     #[unstable = "matches collection reform specification, waiting for dust to settle"]
[INFO] [stdout]     |     ^^^^^^^^^^^^^^^^^^^^^^^^^^^^^^^^^^^^^^^^^^^^^^^^^^^^^^^^^^^^^^^^^^^^^^^^^^^^^^^^^^^
[INFO] [stdout] 
[INFO] [stdout] 
[INFO] [stdout] error[E0734]: stability attributes may not be used outside of the standard library
[INFO] [stdout]    --> /opt/rustwide/cargo-home/registry/src/github.com-1ecc6299db9ec823/bst-0.0.1/src/map.rs:229:5
[INFO] [stdout]     |
[INFO] [stdout] 229 |     #[unstable = "matches collection reform specification, waiting for dust to settle"]
[INFO] [stdout]     |     ^^^^^^^^^^^^^^^^^^^^^^^^^^^^^^^^^^^^^^^^^^^^^^^^^^^^^^^^^^^^^^^^^^^^^^^^^^^^^^^^^^^
[INFO] [stdout] 
[INFO] [stdout] 
[INFO] [stdout] error[E0734]: stability attributes may not be used outside of the standard library
[INFO] [stdout]    --> /opt/rustwide/cargo-home/registry/src/github.com-1ecc6299db9ec823/bst-0.0.1/src/map.rs:254:5
[INFO] [stdout]     |
[INFO] [stdout] 254 |     #[unstable = "matches collection reform specification, waiting for dust to settle"]
[INFO] [stdout]     |     ^^^^^^^^^^^^^^^^^^^^^^^^^^^^^^^^^^^^^^^^^^^^^^^^^^^^^^^^^^^^^^^^^^^^^^^^^^^^^^^^^^^
[INFO] [stdout] 
[INFO] [stdout] 
[INFO] [stdout] error[E0734]: stability attributes may not be used outside of the standard library
[INFO] [stdout]    --> /opt/rustwide/cargo-home/registry/src/github.com-1ecc6299db9ec823/bst-0.0.1/src/map.rs:278:5
[INFO] [stdout]     |
[INFO] [stdout] 278 |     #[unstable = "matches collection reform specification, waiting for dust to settle"]
[INFO] [stdout]     |     ^^^^^^^^^^^^^^^^^^^^^^^^^^^^^^^^^^^^^^^^^^^^^^^^^^^^^^^^^^^^^^^^^^^^^^^^^^^^^^^^^^^
[INFO] [stdout] 
[INFO] [stdout] 
[INFO] [stdout] error[E0734]: stability attributes may not be used outside of the standard library
[INFO] [stdout]    --> /opt/rustwide/cargo-home/registry/src/github.com-1ecc6299db9ec823/bst-0.0.1/src/map.rs:330:5
[INFO] [stdout]     |
[INFO] [stdout] 330 |     #[unstable = "matches collection reform specification, waiting for dust to settle"]
[INFO] [stdout]     |     ^^^^^^^^^^^^^^^^^^^^^^^^^^^^^^^^^^^^^^^^^^^^^^^^^^^^^^^^^^^^^^^^^^^^^^^^^^^^^^^^^^^
[INFO] [stdout] 
[INFO] [stdout] 
[INFO] [stdout] error[E0734]: stability attributes may not be used outside of the standard library
[INFO] [stdout]    --> /opt/rustwide/cargo-home/registry/src/github.com-1ecc6299db9ec823/bst-0.0.1/src/map.rs:381:5
[INFO] [stdout]     |
[INFO] [stdout] 381 |     #[unstable = "matches collection reform specification, waiting for dust to settle"]
[INFO] [stdout]     |     ^^^^^^^^^^^^^^^^^^^^^^^^^^^^^^^^^^^^^^^^^^^^^^^^^^^^^^^^^^^^^^^^^^^^^^^^^^^^^^^^^^^
[INFO] [stdout] 
[INFO] [stdout] 
[INFO] [stdout] error[E0734]: stability attributes may not be used outside of the standard library
[INFO] [stdout]    --> /opt/rustwide/cargo-home/registry/src/github.com-1ecc6299db9ec823/bst-0.0.1/src/map.rs:406:5
[INFO] [stdout]     |
[INFO] [stdout] 406 |     #[unstable = "matches collection reform specification, waiting for dust to settle"]
[INFO] [stdout]     |     ^^^^^^^^^^^^^^^^^^^^^^^^^^^^^^^^^^^^^^^^^^^^^^^^^^^^^^^^^^^^^^^^^^^^^^^^^^^^^^^^^^^
[INFO] [stdout] 
[INFO] [stdout] 
[INFO] [stdout] error[E0734]: stability attributes may not be used outside of the standard library
[INFO] [stdout]    --> /opt/rustwide/cargo-home/registry/src/github.com-1ecc6299db9ec823/bst-0.0.1/src/map.rs:421:5
[INFO] [stdout]     |
[INFO] [stdout] 421 |     #[unstable = "matches collection reform specification, waiting for dust to settle"]
[INFO] [stdout]     |     ^^^^^^^^^^^^^^^^^^^^^^^^^^^^^^^^^^^^^^^^^^^^^^^^^^^^^^^^^^^^^^^^^^^^^^^^^^^^^^^^^^^
[INFO] [stdout] 
[INFO] [stdout] 
[INFO] [stdout] error[E0734]: stability attributes may not be used outside of the standard library
[INFO] [stdout]    --> /opt/rustwide/cargo-home/registry/src/github.com-1ecc6299db9ec823/bst-0.0.1/src/map.rs:437:5
[INFO] [stdout]     |
[INFO] [stdout] 437 |     #[unstable = "matches collection reform specification, waiting for dust to settle"]
[INFO] [stdout]     |     ^^^^^^^^^^^^^^^^^^^^^^^^^^^^^^^^^^^^^^^^^^^^^^^^^^^^^^^^^^^^^^^^^^^^^^^^^^^^^^^^^^^
[INFO] [stdout] 
[INFO] [stdout] 
[INFO] [stdout] error[E0734]: stability attributes may not be used outside of the standard library
[INFO] [stdout]    --> /opt/rustwide/cargo-home/registry/src/github.com-1ecc6299db9ec823/bst-0.0.1/src/map.rs:459:5
[INFO] [stdout]     |
[INFO] [stdout] 459 |     #[unstable = "matches collection reform specification, waiting for dust to settle"]
[INFO] [stdout]     |     ^^^^^^^^^^^^^^^^^^^^^^^^^^^^^^^^^^^^^^^^^^^^^^^^^^^^^^^^^^^^^^^^^^^^^^^^^^^^^^^^^^^
[INFO] [stdout] 
[INFO] [stdout] 
[INFO] [stdout] error[E0734]: stability attributes may not be used outside of the standard library
[INFO] [stdout]    --> /opt/rustwide/cargo-home/registry/src/github.com-1ecc6299db9ec823/bst-0.0.1/src/map.rs:488:5
[INFO] [stdout]     |
[INFO] [stdout] 488 |     #[unstable = "matches collection reform specification, waiting for dust to settle"]
[INFO] [stdout]     |     ^^^^^^^^^^^^^^^^^^^^^^^^^^^^^^^^^^^^^^^^^^^^^^^^^^^^^^^^^^^^^^^^^^^^^^^^^^^^^^^^^^^
[INFO] [stdout] 
[INFO] [stdout] 
[INFO] [stdout] error[E0734]: stability attributes may not be used outside of the standard library
[INFO] [stdout]    --> /opt/rustwide/cargo-home/registry/src/github.com-1ecc6299db9ec823/bst-0.0.1/src/map.rs:514:5
[INFO] [stdout]     |
[INFO] [stdout] 514 |     #[unstable = "matches collection reform specification, waiting for dust to settle"]
[INFO] [stdout]     |     ^^^^^^^^^^^^^^^^^^^^^^^^^^^^^^^^^^^^^^^^^^^^^^^^^^^^^^^^^^^^^^^^^^^^^^^^^^^^^^^^^^^
[INFO] [stdout] 
[INFO] [stdout] 
[INFO] [stdout] error[E0734]: stability attributes may not be used outside of the standard library
[INFO] [stdout]    --> /opt/rustwide/cargo-home/registry/src/github.com-1ecc6299db9ec823/bst-0.0.1/src/map.rs:543:5
[INFO] [stdout]     |
[INFO] [stdout] 543 |     #[unstable = "matches collection reform specification, waiting for dust to settle"]
[INFO] [stdout]     |     ^^^^^^^^^^^^^^^^^^^^^^^^^^^^^^^^^^^^^^^^^^^^^^^^^^^^^^^^^^^^^^^^^^^^^^^^^^^^^^^^^^^
[INFO] [stdout] 
[INFO] [stdout] 
[INFO] [stdout] error[E0734]: stability attributes may not be used outside of the standard library
[INFO] [stdout]    --> /opt/rustwide/cargo-home/registry/src/github.com-1ecc6299db9ec823/bst-0.0.1/src/map.rs:566:5
[INFO] [stdout]     |
[INFO] [stdout] 566 |     #[unstable = "matches collection reform specification, waiting for dust to settle"]
[INFO] [stdout]     |     ^^^^^^^^^^^^^^^^^^^^^^^^^^^^^^^^^^^^^^^^^^^^^^^^^^^^^^^^^^^^^^^^^^^^^^^^^^^^^^^^^^^
[INFO] [stdout] 
[INFO] [stdout] 
[INFO] [stdout] error[E0734]: stability attributes may not be used outside of the standard library
[INFO] [stdout]    --> /opt/rustwide/cargo-home/registry/src/github.com-1ecc6299db9ec823/bst-0.0.1/src/set.rs:134:5
[INFO] [stdout]     |
[INFO] [stdout] 134 |     #[unstable = "matches collection reform specification, waiting for dust to settle"]
[INFO] [stdout]     |     ^^^^^^^^^^^^^^^^^^^^^^^^^^^^^^^^^^^^^^^^^^^^^^^^^^^^^^^^^^^^^^^^^^^^^^^^^^^^^^^^^^^
[INFO] [stdout] 
[INFO] [stdout] 
[INFO] [stdout] error[E0734]: stability attributes may not be used outside of the standard library
[INFO] [stdout]    --> /opt/rustwide/cargo-home/registry/src/github.com-1ecc6299db9ec823/bst-0.0.1/src/set.rs:161:5
[INFO] [stdout]     |
[INFO] [stdout] 161 |     #[unstable = "matches collection reform specification, waiting for dust to settle"]
[INFO] [stdout]     |     ^^^^^^^^^^^^^^^^^^^^^^^^^^^^^^^^^^^^^^^^^^^^^^^^^^^^^^^^^^^^^^^^^^^^^^^^^^^^^^^^^^^
[INFO] [stdout] 
[INFO] [stdout] 
[INFO] [stdout] error[E0734]: stability attributes may not be used outside of the standard library
[INFO] [stdout]    --> /opt/rustwide/cargo-home/registry/src/github.com-1ecc6299db9ec823/bst-0.0.1/src/set.rs:198:5
[INFO] [stdout]     |
[INFO] [stdout] 198 |     #[unstable = "matches collection reform specification, waiting for dust to settle"]
[INFO] [stdout]     |     ^^^^^^^^^^^^^^^^^^^^^^^^^^^^^^^^^^^^^^^^^^^^^^^^^^^^^^^^^^^^^^^^^^^^^^^^^^^^^^^^^^^
[INFO] [stdout] 
[INFO] [stdout] 
[INFO] [stdout] error[E0734]: stability attributes may not be used outside of the standard library
[INFO] [stdout]    --> /opt/rustwide/cargo-home/registry/src/github.com-1ecc6299db9ec823/bst-0.0.1/src/set.rs:266:5
[INFO] [stdout]     |
[INFO] [stdout] 266 |     #[unstable = "matches collection reform specification, waiting for dust to settle"]
[INFO] [stdout]     |     ^^^^^^^^^^^^^^^^^^^^^^^^^^^^^^^^^^^^^^^^^^^^^^^^^^^^^^^^^^^^^^^^^^^^^^^^^^^^^^^^^^^
[INFO] [stdout] 
[INFO] [stdout] 
[INFO] [stdout] error[E0734]: stability attributes may not be used outside of the standard library
[INFO] [stdout]    --> /opt/rustwide/cargo-home/registry/src/github.com-1ecc6299db9ec823/bst-0.0.1/src/set.rs:298:5
[INFO] [stdout]     |
[INFO] [stdout] 298 |     #[unstable = "matches collection reform specification, waiting for dust to settle"]
[INFO] [stdout]     |     ^^^^^^^^^^^^^^^^^^^^^^^^^^^^^^^^^^^^^^^^^^^^^^^^^^^^^^^^^^^^^^^^^^^^^^^^^^^^^^^^^^^
[INFO] [stdout] 
[INFO] [stdout] 
[INFO] [stdout] error[E0734]: stability attributes may not be used outside of the standard library
[INFO] [stdout]    --> /opt/rustwide/cargo-home/registry/src/github.com-1ecc6299db9ec823/bst-0.0.1/src/set.rs:327:5
[INFO] [stdout]     |
[INFO] [stdout] 327 |     #[unstable = "matches collection reform specification, waiting for dust to settle"]
[INFO] [stdout]     |     ^^^^^^^^^^^^^^^^^^^^^^^^^^^^^^^^^^^^^^^^^^^^^^^^^^^^^^^^^^^^^^^^^^^^^^^^^^^^^^^^^^^
[INFO] [stdout] 
[INFO] [stdout] 
[INFO] [stdout] error[E0734]: stability attributes may not be used outside of the standard library
[INFO] [stdout]    --> /opt/rustwide/cargo-home/registry/src/github.com-1ecc6299db9ec823/bst-0.0.1/src/set.rs:356:5
[INFO] [stdout]     |
[INFO] [stdout] 356 |     #[unstable = "matches collection reform specification, waiting for dust to settle"]
[INFO] [stdout]     |     ^^^^^^^^^^^^^^^^^^^^^^^^^^^^^^^^^^^^^^^^^^^^^^^^^^^^^^^^^^^^^^^^^^^^^^^^^^^^^^^^^^^
[INFO] [stdout] 
[INFO] [stdout] 
[INFO] [stdout] error[E0734]: stability attributes may not be used outside of the standard library
[INFO] [stdout]    --> /opt/rustwide/cargo-home/registry/src/github.com-1ecc6299db9ec823/bst-0.0.1/src/set.rs:380:5
[INFO] [stdout]     |
[INFO] [stdout] 380 |     #[unstable = "matches collection reform specification, waiting for dust to settle"]
[INFO] [stdout]     |     ^^^^^^^^^^^^^^^^^^^^^^^^^^^^^^^^^^^^^^^^^^^^^^^^^^^^^^^^^^^^^^^^^^^^^^^^^^^^^^^^^^^
[INFO] [stdout] 
[INFO] [stdout] 
[INFO] [stdout] error[E0734]: stability attributes may not be used outside of the standard library
[INFO] [stdout]    --> /opt/rustwide/cargo-home/registry/src/github.com-1ecc6299db9ec823/bst-0.0.1/src/set.rs:395:5
[INFO] [stdout]     |
[INFO] [stdout] 395 |     #[unstable = "matches collection reform specification, waiting for dust to settle"]
[INFO] [stdout]     |     ^^^^^^^^^^^^^^^^^^^^^^^^^^^^^^^^^^^^^^^^^^^^^^^^^^^^^^^^^^^^^^^^^^^^^^^^^^^^^^^^^^^
[INFO] [stdout] 
[INFO] [stdout] 
[INFO] [stdout] error[E0734]: stability attributes may not be used outside of the standard library
[INFO] [stdout]    --> /opt/rustwide/cargo-home/registry/src/github.com-1ecc6299db9ec823/bst-0.0.1/src/set.rs:411:5
[INFO] [stdout]     |
[INFO] [stdout] 411 |     #[unstable = "matches collection reform specification, waiting for dust to settle"]
[INFO] [stdout]     |     ^^^^^^^^^^^^^^^^^^^^^^^^^^^^^^^^^^^^^^^^^^^^^^^^^^^^^^^^^^^^^^^^^^^^^^^^^^^^^^^^^^^
[INFO] [stdout] 
[INFO] [stdout] 
[INFO] [stdout] error[E0734]: stability attributes may not be used outside of the standard library
[INFO] [stdout]    --> /opt/rustwide/cargo-home/registry/src/github.com-1ecc6299db9ec823/bst-0.0.1/src/set.rs:430:5
[INFO] [stdout]     |
[INFO] [stdout] 430 |     #[unstable = "matches collection reform specification, waiting for dust to settle"]
[INFO] [stdout]     |     ^^^^^^^^^^^^^^^^^^^^^^^^^^^^^^^^^^^^^^^^^^^^^^^^^^^^^^^^^^^^^^^^^^^^^^^^^^^^^^^^^^^
[INFO] [stdout] 
[INFO] [stdout] 
[INFO] [stdout] error[E0734]: stability attributes may not be used outside of the standard library
[INFO] [stdout]    --> /opt/rustwide/cargo-home/registry/src/github.com-1ecc6299db9ec823/bst-0.0.1/src/set.rs:454:5
[INFO] [stdout]     |
[INFO] [stdout] 454 |     #[unstable = "matches collection reform specification, waiting for dust to settle"]
[INFO] [stdout]     |     ^^^^^^^^^^^^^^^^^^^^^^^^^^^^^^^^^^^^^^^^^^^^^^^^^^^^^^^^^^^^^^^^^^^^^^^^^^^^^^^^^^^
[INFO] [stdout] 
[INFO] [stdout] 
[INFO] [stdout] error[E0734]: stability attributes may not be used outside of the standard library
[INFO] [stdout]    --> /opt/rustwide/cargo-home/registry/src/github.com-1ecc6299db9ec823/bst-0.0.1/src/set.rs:475:5
[INFO] [stdout]     |
[INFO] [stdout] 475 |     #[unstable = "matches collection reform specification, waiting for dust to settle"]
[INFO] [stdout]     |     ^^^^^^^^^^^^^^^^^^^^^^^^^^^^^^^^^^^^^^^^^^^^^^^^^^^^^^^^^^^^^^^^^^^^^^^^^^^^^^^^^^^
[INFO] [stdout] 
[INFO] [stdout] 
[INFO] [stdout] error[E0734]: stability attributes may not be used outside of the standard library
[INFO] [stdout]    --> /opt/rustwide/cargo-home/registry/src/github.com-1ecc6299db9ec823/bst-0.0.1/src/set.rs:520:5
[INFO] [stdout]     |
[INFO] [stdout] 520 |     #[unstable = "matches collection reform specification, waiting for dust to settle"]
[INFO] [stdout]     |     ^^^^^^^^^^^^^^^^^^^^^^^^^^^^^^^^^^^^^^^^^^^^^^^^^^^^^^^^^^^^^^^^^^^^^^^^^^^^^^^^^^^
[INFO] [stdout] 
[INFO] [stdout] 
[INFO] [stdout] error[E0734]: stability attributes may not be used outside of the standard library
[INFO] [stdout]    --> /opt/rustwide/cargo-home/registry/src/github.com-1ecc6299db9ec823/bst-0.0.1/src/set.rs:540:5
[INFO] [stdout]     |
[INFO] [stdout] 540 |     #[unstable = "matches collection reform specification, waiting for dust to settle"]
[INFO] [stdout]     |     ^^^^^^^^^^^^^^^^^^^^^^^^^^^^^^^^^^^^^^^^^^^^^^^^^^^^^^^^^^^^^^^^^^^^^^^^^^^^^^^^^^^
[INFO] [stdout] 
[INFO] [stdout] 
[INFO] [stdout] error[E0734]: stability attributes may not be used outside of the standard library
[INFO] [stdout]    --> /opt/rustwide/cargo-home/registry/src/github.com-1ecc6299db9ec823/bst-0.0.1/src/set.rs:562:5
[INFO] [stdout]     |
[INFO] [stdout] 562 |     #[unstable = "matches collection reform specification, waiting for dust to settle"]
[INFO] [stdout]     |     ^^^^^^^^^^^^^^^^^^^^^^^^^^^^^^^^^^^^^^^^^^^^^^^^^^^^^^^^^^^^^^^^^^^^^^^^^^^^^^^^^^^
[INFO] [stdout] 
[INFO] [stdout] 
[INFO] [stdout] error[E0734]: stability attributes may not be used outside of the standard library
[INFO] [stdout]    --> /opt/rustwide/cargo-home/registry/src/github.com-1ecc6299db9ec823/bst-0.0.1/src/set.rs:698:1
[INFO] [stdout]     |
[INFO] [stdout] 698 | #[unstable = "matches collection reform specification, waiting for dust to settle"]
[INFO] [stdout]     | ^^^^^^^^^^^^^^^^^^^^^^^^^^^^^^^^^^^^^^^^^^^^^^^^^^^^^^^^^^^^^^^^^^^^^^^^^^^^^^^^^^^
[INFO] [stdout] 
[INFO] [stdout] 
[INFO] [stdout] error[E0734]: stability attributes may not be used outside of the standard library
[INFO] [stdout]    --> /opt/rustwide/cargo-home/registry/src/github.com-1ecc6299db9ec823/bst-0.0.1/src/set.rs:726:1
[INFO] [stdout]     |
[INFO] [stdout] 726 | #[unstable = "matches collection reform specification, waiting for dust to settle"]
[INFO] [stdout]     | ^^^^^^^^^^^^^^^^^^^^^^^^^^^^^^^^^^^^^^^^^^^^^^^^^^^^^^^^^^^^^^^^^^^^^^^^^^^^^^^^^^^
[INFO] [stdout] 
[INFO] [stdout] 
[INFO] [stdout] error[E0734]: stability attributes may not be used outside of the standard library
[INFO] [stdout]    --> /opt/rustwide/cargo-home/registry/src/github.com-1ecc6299db9ec823/bst-0.0.1/src/set.rs:754:1
[INFO] [stdout]     |
[INFO] [stdout] 754 | #[unstable = "matches collection reform specification, waiting for dust to settle"]
[INFO] [stdout]     | ^^^^^^^^^^^^^^^^^^^^^^^^^^^^^^^^^^^^^^^^^^^^^^^^^^^^^^^^^^^^^^^^^^^^^^^^^^^^^^^^^^^
[INFO] [stdout] 
[INFO] [stdout] 
[INFO] [stdout] error[E0734]: stability attributes may not be used outside of the standard library
[INFO] [stdout]    --> /opt/rustwide/cargo-home/registry/src/github.com-1ecc6299db9ec823/bst-0.0.1/src/set.rs:782:1
[INFO] [stdout]     |
[INFO] [stdout] 782 | #[unstable = "matches collection reform specification, waiting for dust to settle"]
[INFO] [stdout]     | ^^^^^^^^^^^^^^^^^^^^^^^^^^^^^^^^^^^^^^^^^^^^^^^^^^^^^^^^^^^^^^^^^^^^^^^^^^^^^^^^^^^
[INFO] [stdout] 
[INFO] [stdout] 
[INFO] [stdout] error[E0053]: method `index` has an incompatible type for trait
[INFO] [stdout]    --> /opt/rustwide/cargo-home/registry/src/github.com-1ecc6299db9ec823/bst-0.0.1/src/map.rs:179:5
[INFO] [stdout]     |
[INFO] [stdout] 176 | impl<K, V, C, Q: ?Sized> ops::Index<Q> for TreeMap<K, V, C> where C: Compare<K> + Compare<Q, K> {
[INFO] [stdout]     |               - this type parameter
[INFO] [stdout] ...
[INFO] [stdout] 179 |     fn index(&self, i: &Q) -> &V {
[INFO] [stdout]     |     ^^^^^^^^^^^^^^^^^^^^^^^^^^^^ expected type parameter `Q`, found `&Q`
[INFO] [stdout]     |
[INFO] [stdout]     = note: expected fn pointer `fn(&TreeMap<K, V, C>, Q) -> &V`
[INFO] [stdout]                found fn pointer `fn(&TreeMap<K, V, C>, &Q) -> &V`
[INFO] [stdout] 
[INFO] [stdout] 
[INFO] [stdout] error[E0053]: method `index_mut` has an incompatible type for trait
[INFO] [stdout]    --> /opt/rustwide/cargo-home/registry/src/github.com-1ecc6299db9ec823/bst-0.0.1/src/map.rs:186:5
[INFO] [stdout]     |
[INFO] [stdout] 184 | impl<K, V, C, Q: ?Sized> ops::IndexMut<Q> for TreeMap<K, V, C> where C: Compare<K> + Compare<Q, K> {
[INFO] [stdout]     |               - this type parameter
[INFO] [stdout] 185 |     #[inline]
[INFO] [stdout] 186 |     fn index_mut(&mut self, i: &Q) -> &mut V {
[INFO] [stdout]     |     ^^^^^^^^^^^^^^^^^^^^^^^^^^^^^^^^^^^^^^^^ expected type parameter `Q`, found `&Q`
[INFO] [stdout]     |
[INFO] [stdout]     = note: expected fn pointer `fn(&mut TreeMap<K, V, C>, Q) -> &mut V`
[INFO] [stdout]                found fn pointer `fn(&mut TreeMap<K, V, C>, &Q) -> &mut V`
[INFO] [stdout] 
[INFO] [stdout] 
[INFO] [stdout] error: aborting due to 73 previous errors
[INFO] [stdout] 
[INFO] [stdout] 
[INFO] [stdout] Some errors have detailed explanations: E0053, E0433, E0734.
[INFO] [stdout] 
[INFO] [stdout] For more information about an error, try `rustc --explain E0053`.
[INFO] [stdout] 
[INFO] [stderr] error: could not compile `bst`.
[INFO] [stderr] 
[INFO] [stderr] To learn more, run the command again with --verbose.
[INFO] running `Command { std: "docker" "inspect" "4e2218e566abba79dbb3e16c13fa1b059276a6e3b89da252e4209b2725aa18b8", kill_on_drop: false }`
[INFO] running `Command { std: "docker" "rm" "-f" "4e2218e566abba79dbb3e16c13fa1b059276a6e3b89da252e4209b2725aa18b8", kill_on_drop: false }`
[INFO] [stdout] 4e2218e566abba79dbb3e16c13fa1b059276a6e3b89da252e4209b2725aa18b8
